 98 = 18*l. Give a(l).
5
Let z = -30 - -30. Let x = 7 + -4. Suppose 0 = 5*s - x*c + 32, z = s - c + 12 - 4. Let r(m) = m + 3. What is r(s)?
-1
Let x(o) = -6 - o**3 - o - 3*o**2 + 2 + 1. Calculate x(-4).
17
Let q(n) be the third derivative of -n**6/120 - 2*n**5/15 - 7*n**4/24 + n**3/3 - 28*n**2. What is q(-7)?
2
Suppose 5*p = 4*b + 13, -b + 2*p + 23 = 6*p. Suppose 7 + 7 = a + 3*c, a = b*c - 4. Suppose -t = t - 5*z - a, 0 = -t + 5*z. Let x(i) = -i + 1. Calculate x(t).
-4
Suppose 2*q = -3*q + 35. Let h = -11 + q. Let o(g) = -g**3 + g**2 + g - 1. Let n(v) = -2*v**3 + 8*v**2 + 5*v - 5. Let f(d) = -n(d) + 3*o(d). Calculate f(h).
-6
Let g(b) = b**3 + 21*b**2 + 36*b - 45. Let l be g(-19). Let y(t) = -t**2 - 4*t + 1. Calculate y(l).
-20
Let a(g) be the first derivative of g**2/2 - g - 25. Calculate a(2).
1
Let n(o) = o**3 - 8*o**2 + 7*o. Let b be n(7). Let y(f) = -f - f - 5 + f. Calculate y(b).
-5
Let t(j) = 5 + 1 + 5*j - 2*j. What is t(-4)?
-6
Let p(u) = -4*u**3 - u**2 + 7*u - 10. Let h(x) = x**3 - x**2 - x + 1. Let q(o) = -3*h(o) - p(o). Let s = -15 - -10. Calculate q(s).
2
Let d = -13 - -8. Let y(f) = 15 - 4*f + f**2 + 7*f - 17. Determine y(d).
8
Suppose 5*d + 3*v - 6 = 0, 5*d - 5*v + 16 - 6 = 0. Let n(t) be the second derivative of -t**4/12 + t**3/6 + 4*t**2 - t. What is n(d)?
8
Let s = -23 + 28. Let j(y) = y**2 - 7*y - 7. What is j(s)?
-17
Let i(s) = -2*s + 8 - 7 + s - 2. Suppose 0 = 3*p + p - w + 3, -3*p - 1 = -2*w. Let g(n) = -6*n - 5. Let h(c) = p*g(c) + 5*i(c). Calculate h(4).
4
Let y be (2/4)/((-2)/12). Let o be 1/(y/(-9) + 0). Let n(b) = b**3 - 5*b**2 + 3*b + 2. Calculate n(o).
-7
Let o(t) = -5*t**3 - 2*t**2 + t. Suppose 18 = 2*h + 3*b, -2*b = 2*h + 3*b - 14. Let f = h - 11. Calculate o(f).
-6
Suppose 15 = -d + 4*d. Suppose 3*l - 8*l = 3*j + 6, -j - d*l = 2. Let t = j + 5. Let v(s) = s**3 - 3*s**2 + 4. What is v(t)?
4
Let g(p) = p**3 + 4*p**2 + 4*p + 5. Let x(h) = -h**3 + h**2 + h. Let m(z) = g(z) + 2*x(z). Let s be m(7). Let j(t) = -t**3 + 2*t**2 + 4*t + 3. Give j(s).
11
Let u(r) = r**2 - r. Let b(y) = -2*y**2 - 2*y - 1. Let a(h) = b(h) - 2*u(h). What is a(2)?
-17
Let d = 14 - 14. Let x(v) = v**2 + v + 6. What is x(d)?
6
Let d(n) = n + 7. Let j(w) = 3. Let q(s) = 2*d(s) - 5*j(s). Give q(-2).
-5
Let p(g) = -4*g + 6. Let k be 3/2*80/30. Give p(k).
-10
Suppose -3*n + 3*v = -3, -1 - 1 = -3*n + 2*v. Let p(u) = 5*u + 1. Let r(c) = -19*c - 1 - 3 + 5*c + 2. Let z(q) = -11*p(q) - 4*r(q). Give z(n).
-3
Let m(y) = -5*y**2 - 35*y - 29. Let j(x) = -x**2 - 7*x - 6. Let u(g) = -11*j(g) + 2*m(g). Let i(f) = f**2 + 7*f. Let d be i(-6). What is u(d)?
2
Let f(w) = -w**2 + 5*w. Let x be f(4). Let s = 5 - x. Suppose 2*y + s = y. Let j(p) = -4*p**2 + p + 1. Determine j(y).
-4
Let f(a) = 0 + a + 2*a + 10 - 5. Give f(-4).
-7
Let s(k) = -k - 3. Let l(w) = -5*w - 16. Suppose 4 = -o + 3*o. Let q(a) = o*l(a) - 11*s(a). Let h = -6 + 10. Give q(h).
5
Suppose j = 5, -5*k + 5*j - 43 = -13. Let r(c) = 5*c. What is r(k)?
-5
Suppose s = 5*f - 3, f - 2*s - 6 = 6*f. Let w(n) be the second derivative of n**4/12 - n**3/6 - 9*n**2/2 + 6*n. Calculate w(f).
-9
Let j(m) = -5*m. Suppose 0*t + 12 = t. Let g be (-2)/(-8) - (-9)/t. Let i be j(g). Let d(c) = 2*c + 5. Determine d(i).
-5
Suppose 2*v - 4*v + 6 = 0. Suppose v*g + 3 = -0. Let w(n) = -2*n**3 + 0*n**3 + 6*n**3. Calculate w(g).
-4
Let x be 0*3/(-12)*-2. Let h(q) = 4*q + 2. Let f(p) = -3*p - 3. Let v(d) = -4*d + 1. Let l be v(1). Let w(r) = l*f(r) - 2*h(r). Determine w(x).
5
Let l(n) = n + 1. Let v(a) = -12*a + 2. Let k(s) = 3*l(s) - v(s). Determine k(1).
16
Let b(l) = -l**3 - 5*l**2 - 3*l + 2. Suppose 0 = -2*d + 10 - 36. Let o = 9 + d. Calculate b(o).
-2
Let h(a) = a + 1. Let b(f) = 9*f + 8. Let x(n) = 5*b(n) - 40*h(n). Determine x(3).
15
Let u = -125 - -121. Let h(x) be the first derivative of -x**2/2 - 4*x + 1. Calculate h(u).
0
Let p(f) = f**2 - f. Let o(i) = 3*i**2 + 6*i. Let w(j) = o(j) + 5*p(j). Give w(-1).
7
Let i(f) be the first derivative of -f**2/2 - 11*f + 8. Determine i(-7).
-4
Suppose 0 = -4*g - 3*d - 3, -1 - 31 = -4*g + 4*d. Let n(a) = 0 + a**g - a**2 - 3*a**2 - 5. Let q = -35 - -39. What is n(q)?
-5
Let v(y) = y**2 + y - 1. Let b(g) = 5*g**2 + 5*g - 5. Let h(k) = b(k) - 4*v(k). Suppose 0*z = z. What is h(z)?
-1
Let h(o) = 3*o**2 + 2*o + 7. Let g(b) = -5*b**2 - 5*b - 13. Let q(t) = -4*g(t) - 7*h(t). Suppose -5 = -2*u + u. Give q(u).
8
Let y(p) be the second derivative of p**5/20 - p**4/2 - 5*p**2/2 + p. Let d = 4 + 2. Let v be y(d). Let c(z) = -z**3 - 6*z**2 - 5*z + 7. Give c(v).
7
Let x(c) = 2 + 23*c - 1 - 38*c + 19*c. Let u be -1 - (4/2 + -2). What is x(u)?
-3
Suppose -a = -y - 3, -3*a - 4*y - y = -1. Let j(r) = 4*r + 0*r - a - 3*r + 3*r. Suppose -17 = q + 3*t, -7*t - 33 = 4*q - 2*t. What is j(q)?
-10
Let l(n) = -n - 5. Let m be l(-12). Let i(r) = r**3 - 7*r**2 - r + 6. Give i(m).
-1
Suppose -3 + 18 = -5*m + c, 0 = 3*c - 15. Let u = m + 2. Let b(d) = d. Let h(t) = 3*t - 1. Let z(f) = 2*b(f) - h(f). What is z(u)?
1
Let p be ((-6)/(-7) - 1)/((-258)/301). Let b(o) be the second derivative of 1/12*o**4 - p*o**3 - 2*o + 0 - 13/2*o**2. Determine b(0).
-13
Let b(r) = r**3 + 24. Suppose 0 = -5*k + k. Give b(k).
24
Let m(d) = -4*d + 1. Suppose 3*r = u - 0*u - 9, 3*u - 15 = -3*r. Let q = u - 5. Give m(q).
-3
Let w(r) = -r + 2 + r + r + r. What is w(-5)?
-8
Let s(u) = 5*u**2 - u. Let f be s(-1). Let r(p) be the third derivative of -1/8*p**4 + p**2 - 1/15*p**5 - p**3 + 0*p - 1/120*p**f + 0. Give r(-4).
6
Let d(z) = z**3 - 2*z**2 - 2*z - 4. Let w = 44 - 41. Give d(w).
-1
Let i(v) = -v**3 - v. Let c(b) = 2*b**3 + 4*b**2 - 4*b + 1. Let o(z) = c(z) + i(z). Give o(-5).
1
Let q(h) be the second derivative of -h**3/6 - 3*h**2/2 + 5*h. What is q(-5)?
2
Let r = -3 + 5. Let v(a) = 4*a**2 - a - 6. Let m(p) = -3*p**2 + p + 6. Let k(f) = r*v(f) + 3*m(f). Calculate k(0).
6
Let n(w) = 3*w**3 + 4*w**2 + 9*w + 1. Let q(d) = 2*d**3 + 2*d**2 + 8*d + 1. Let c(v) = -3*n(v) + 4*q(v). Suppose -4*u + 0*u = 0. Suppose u*r = r + 5. Give c(r).
1
Let d(a) = -a**2 - 1. Let y(o) = -o + 5. Let l be y(6). Let t(x) be the third derivative of x**6/60 + x**5/60 + x**4/24 + x**2. Let j be t(l). Give d(j).
-5
Let r(p) = 2*p - 2 - 5 + 9 + 0. Determine r(-2).
-2
Let c(w) = w**2 + 9*w - 4. Let d(a) = -a**2 - 9*a + 5. Let j(h) = 2*c(h) + 3*d(h). Give j(-9).
7
Let n(k) = 5*k**2 + 13*k + 1. Let a(j) = -11*j**2 - 27*j - 2. Let c(d) = -6*a(d) - 13*n(d). What is c(5)?
-11
Let n(g) = g**3 + 4*g**2 + g - 2. Let v be n(-3). Let t(s) = -6*s**2 - 21*s + 31. Let d(p) = p**2 + 4*p - 6. Let y(o) = 11*d(o) + 2*t(o). What is y(v)?
-12
Let l(o) = 2 - 2*o + 3 - 1. Suppose -c + 10 = -2*k, 2*k + 7 = 2*c - 5. Suppose 2*y + 8 + 11 = 5*f, -c*y = f - 11. Calculate l(y).
-2
Let q(l) = 6*l**2 + 4*l + 4*l**2 - 11*l**2. What is q(3)?
3
Let d(h) = -h - 1. Suppose a = 0, 5*l + 11 = -4*a - 9. What is d(l)?
3
Let s(g) = g**2 + 3*g + 7. Let i = -53 + 48. What is s(i)?
17
Let i(k) = -k**3 + 3*k**2 + 2*k - 1. Let d be (0 - 12/21)*-7. Calculate i(d).
-9
Suppose -11*v + 48 = -3*v. Let q(a) = a**2 - 2*a + 6. What is q(v)?
30
Let g(f) = -3*f**2 + 7*f + 1. Let v(s) = s**2 - s - 1. Let c(a) = g(a) + 4*v(a). Suppose 4*l = 4*k - 0*k + 36, -2*k + 3*l = 22. Give c(k).
7
Suppose -4*t + d = 4, -2*d + 9 = 3*t + 1. Let f(u) = 0*u**2 - 5 + u**2 - 2*u**2 + u. Give f(t).
-5
Let d(p) = -2*p + 6. Let j(l) = -2*l. Let n be j(-2). Calculate d(n).
-2
Let j(d) = d**2 + 3*d - 2. Let i be 81/(-45) + 1/(-5). Calculate j(i).
-4
Let m(b) = -3*b**2 - 7 - 9*b - 1 - 5*b**2 - b**3. Let c be 4*((-21)/12 - 0). Determine m(c).
6
Let n(z) = -4*z + 1. Let g be n(-1). Suppose 2*u = -t - 2*u + 17, -g*t + 2*u = 25. Let b(m) = -2*m - 1. What is b(t)?
5
Let n(f) = f + 7. Let p be n(-5). Suppose 0*j + 32 = p*j. Suppose 9*q - 5*q = -j. Let h(u) = -u**2 - 5*u. Calculate h(q).
4
Let k = -4 - -9. Let o(a) = -a. Let n(c) = -c + 3. Let m(x) = -n(x) - o(x). Calculate m(k).
7
Let o(b) be the third derivative of 0*b + 3*b**2 + 1/24*b**4 + 0 + 1/60*b**5 - 1/6*b**3. Determine o(1).
1
Suppose f - 8 - 2 = 3*x, 3*f = -x. Let n(p) = p**3 + 3*p**2 - p - 2. Calculate n(x).
1
Suppose 2*i - j + 5 = 0, -2*i + 7*j = 2*j + 1. Let z(u) = u**3 + 3*u**2 + 3. Let r(y) = 2*y**3 + 6*y**2 + y + 7. Let o(k) = -4*r(k) + 9*z(k). Calculate o(i).
11
Suppose o - 4*w = -